e number?
True
Suppose -92*k + 97*k = 955. Is k a composite number?
False
Let g(a) = -a**2 + 25*a + 1. Let d be ((-26)/6)/(2/(-6)). Is g(d) composite?
False
Let u(v) = 13*v**3 + 2*v**2 - 2*v + 1. Let l be (14/1)/2 + -1. Suppose 4 - l = -2*m. Is u(m) a prime number?
False
Let p be 3 - 0 - (4 + -6). Suppose -t - 54 = -p*m - 2*t, 0 = -5*t + 20. Is m prime?
False
Let s(x) = -x + 7. Let t be s(4). Suppose -t*y + y = u - 47, -3*y + 147 = 3*u. Suppose -16 = 5*j - u. Is j a composite number?
False
Let g(v) = -39*v + 4. Is g(-5) a composite number?
False
Let k(j) = -112*j**3 + 2*j**2 - 2*j - 3. Is k(-1) a composite number?
False
Suppose 22 + 29 = -3*j. Let x = j - -21. Is x a prime number?
False
Is (-6)/(264/(-47572)) + 4/(-22) a prime number?
False
Suppose -6*u + 4*u + 238 = 0. Is u a composite number?
True
Let o = -1234 - -1901. Is o composite?
True
Let v(a) = 11*a + 38. Let m(n) = 5*n + 19. Let g(l) = -7*m(l) + 4*v(l). Is g(8) a composite number?
True
Is (-7 - 0)*(47 - 0)*-1 a composite number?
True
Let u(b) = -2*b + 1. Let s(l) = -l. Let g(c) = 9*s(c) - 4*u(c). Let d be g(-6). Let y = d + 1. Is y prime?
True
Let q(x) = -x. Suppose -3*w = 2*m - 16, -4*m - 8 = w - 30. Let c(f) = -36*f + 1. Let n(r) = w*q(r) - c(r). Is n(2) composite?
False
Let t(w) = w**3 - 4*w**2 + 5*w - 1. Suppose -38 = -4*l + 2*m - 12, -3*l - m + 7 = 0. Is t(l) prime?
True
Let r(h) = -1 - h**2 - 3*h**3 + 11*h**3 + h**3 + h. Let d be 20/9 + (-4)/18. Is r(d) a composite number?
True
Is ((-19)/19)/((-2)/2382) prime?
False
Let s = 35 + -4. Let h(r) = r**3 - r**2 + 6. Let b be h(0). Let a = b + s. Is a prime?
True
Suppose 3*o + 385 = -4*f, f = -4*o - o - 92. Let q = f - -18. Let k = -42 - q. Is k prime?
True
Let p(s) = -s**3 + 10*s**2 - 8*s - 7. Let k be p(9). Suppose k*a = 60 + 194. Is a composite?
False
Let k = -26 + 9. Let d = k - 1. Let i = 32 + d. Is i composite?
True
Let l = -4 - -9. Suppose l*i = 395 + 310. Is i a composite number?
True
Let z(i) = -17*i. Let h be (-10)/(-4) + (-2)/4. Let t be z(h). Is (-2)/8 + t/(-8) a prime number?
False
Let h = 3 - 3. Suppose h = r - 0*r - 4*u + 13, 0 = 4*r - 2*u + 10. Is 14 - (r - 1/(-1)) a composite number?
True
Let n(d) = -12*d - 11. Is n(-8) prime?
False
Let x(h) = 3*h**2 - 14. Is x(13) a composite number?
True
Suppose -16 = 3*j + j. Is 0/j + (-148)/(-2) composite?
True
Suppose -4*n + 3 = -3*n. Is n/(4 + -1) - -82 a composite number?
False
Let t = -56 - -279. Is t prime?
True
Let m be (-784)/(-10) - 27/(-45). Suppose -3*a + m = -1148. Is a a prime number?
True
Is (-891)/(-15) + (-6)/15 a composite number?
False
Suppose 5*n = -3*d + 375 + 315, n - 5*d - 138 = 0. Let y = n + -95. Is y a prime number?
True
Suppose 0 = w - 5*s - 8264, 0 = 3*w - 3*s + s - 24805. Is w prime?
True
Suppose -2*w + w = 0. Suppose -4*p + 636 = -w*p. Suppose 3*c + 0*c = p. Is c a composite number?
False
Is (-2)/(-6)*733284/12 composite?
False
Let o(r) = -r**3 - r**2 + 3*r + 3. Let n be o(-2). Let i(g) = 16*g**3 + g - 1. Let w be i(n). Is 2 + 2*w + 1 a composite number?
True
Let h = 6 + -3. Suppose -w + 1 = h. Is (-2)/(-2)*(w + 59) a composite number?
True
Let t = 5 - 5. Let j be (-6)/(-2) - (-260 - t). Suppose 0*m - j = -m. Is m a prime number?
True
Suppose 5*g - 2*a - 36 = 0, 3*g = 3*a + 1 + 17. Suppose p + 4 = 2*s, 0 = 3*s - 5*p - g + 2. Suppose -2*n = -i + 3*i - 68, s*n - 173 = -5*i. Is i a prime number?
False
Suppose 136 = 3*h - 4*p, 2*h - 2*p = -5*p + 85. Let l = h - -65. Is l composite?
False
Let j be (-1 + 3)/(2 - 3). Let m(y) = -11*y**3 - y - 1. Is m(j) a composite number?
False
Is (969/9 - 3)/(4/6) prime?
True
Is (-2)/16 - 70686/(-112) prime?
True
Let p(s) = -2*s**3 - 19*s**2 - 8*s + 4. Let a be p(-9). Suppose d = -d - 4. Is a/((d - -3)/(-2)) a prime number?
False
Let v be -3*1086/9*-1. Let i = v + -217. Is i prime?
False
Suppose 0 = 9*n - 4*n - 380. Suppose -u - n = -191. Is u a composite number?
True
Suppose -5*o = 4*x - 12, -x + 10 = 4*o - o. Suppose -307 = -5*w - i, w - o*i - 55 = -i. Suppose -8 = h - w. Is h composite?
False
Let a(b) = 95*b**2 + 1. Let z be a(1). Suppose 0 = -4*r - 20 + z. Is r composite?
False
Let k be ((-15)/(-2))/(1/(-2)). Let j be 17*(-4)/(12/k). Suppose -j = -g - 0*g. Is g a prime number?
False
Suppose -2*d = 2*d. Suppose -l - l - 6 = 0, 2*u - l - 77 = d. Is u prime?
True
Let z(c) = 175*c**2 + 3*c - 3. Is z(2) prime?
False
Suppose x - 3*l - l = -4, 0 = 4*l - 12. Suppose 376 = -4*r + x*r. Is r prime?
False
Let y(q) = q**3 + 10*q**2 + 10*q + 11. Let o be ((-3)/9)/((-2)/18). Suppose -o*f = -2*h + 24, 2*f + h = -f - 24. Is y(f) a prime number?
True
Suppose -2*u = -2*j - 68, -3*u + 66 = 5*j - 52. Is 14/(u/15 + -2) composite?
True
Suppose 2*n + 3*h + 0*h = 18, 0 = -3*h + 12. Let p be 2 - (0/n - 0). Is p + (-1)/(3/(-141)) a composite number?
True
Let v(b) = -b**2. Let l(n) be the third derivative of n**5/60 - 5*n**4/24 + n**3/3 - n**2. Let s(h) = l(h) - v(h). Is s(-5) a prime number?
False
Suppose -4*n - n = -5*f - 3420, 0 = -5*n + 3*f + 3430. Suppose 3*r + n = 5*q, -q + 64 = 2*r - 79. Is q prime?
True
Suppose 0 = -3*m + 55 + 2. Suppose -m + 55 = 4*t. Suppose 5*c - 471 = 4*g, 4*c + 4*g = t + 339. Is c a composite number?
True
Let w(d) = 269*d**3 - 3*d**2 + 6*d - 3. Is w(2) a prime number?
False
Suppose 30 = 4*k + k. Let o(f) be the first derivative of 19*f**2/2 + 5*f + 9. Is o(k) a prime number?
False
Suppose 5*o - 8 = -2*i, -2*i = 2*o - 2 - 6. Suppose -2*v = 3*r + 2*r - 1301, -5*r + 4*v + 1283 = o. Is r a composite number?
True
Let q(r) = -r**3 - 7*r**2 + r + 5. Is q(-9) prime?
False
Suppose -t - 2*y = -4*y - 2, -4 = 5*t - 3*y. Let z = t + 2. Suppose q - 6*q + 2*g + 91 = z, 4*q - 3*g = 70. Is q composite?
False
Suppose 0 = -3*v - 9 + 3, 5*v = 5*i - 4905. Is i a prime number?
False
Let m(k) = 1219*k**2 + k - 1. Is m(1) prime?
False
Suppose 131 - 359 = -3*b + c, 4*b = -2*c + 314. Is b a composite number?
True
Suppose 508 = p - 165. Is p prime?
True
Suppose 0*i - 5*i = -140. Suppose -i = 5*w + 17. Is 3*(-1 - 48/w) composite?
False
Let a(d) = -28*d**3 + 4*d - 3. Let x(m) = 55*m**3 - 9*m + 7. Let z(y) = 9*a(y) + 4*x(y). Let w = 1 + -2. Is z(w) a composite number?
True
Let y(l) be the second derivative of -l**6/360 - l**5/30 - l**4/24 + l**3/3 - l. Let d(v) be the second derivative of y(v). Is d(-3) composite?
False
Let z(q) = -2*q - 4. Let i be z(-4). Is i/(4 + 0)*59 a composite number?
False
Suppose n + n + 2*o = 22, o = -3*n + 23. Suppose -2*q + 0*q + n = 0. Is q composite?
False
Let y = 485 - -3708. Is y a prime number?
False
Is (5/(-10))/((-1)/422) a composite number?
False
Let c(i) = 30*i - 23. Is c(4) composite?
False
Let b(w) = 3*w**2 - w. Let f be b(2). Let k = f - -5. Is k a prime number?
False
Suppose -v - 2*u + 0 + 33 = 0, -u = 2*v - 66. Is v prime?
False
Let t be (-22)/(-6) + 2/(-3). Suppose 2*v - 43 = -2*w - 3*v, -t*w + v + 39 = 0. Is w prime?
False
Let t(n) = -7*n. Let m be t(-8). Let z be (-6)/4*m/(-21). Suppose f - 9 = -3*r + 1, -3*r + 5*f = -z. Is r a prime number?
True
Let w = 322 + -207. Is w a prime number?
False
Let s(o) = -o**3 + 3. Let p = 3 + -3. Let q be s(p). Suppose 21 = -2*t + q*t. Is t a prime number?
False
Let k = -162 + 479. Is k a prime number?
True
Suppose -5*r = 5*j + 197 - 777, -2*r + 4*j + 202 = 0. Is r composite?
True
Let l be 93/2 - 2/4. Let n = l + -3. Is n a prime number?
True
Let s(p) = 11*p**2 + 5*p - 7. Is s(6) prime?
True
Suppose 4*w - 462 = -2*p - 0*p, 5*p + 2*w = 1187. Is p a composite number?
False
Let x = 577 - 246. Is x a composite number?
False
Let v(w) = 2*w**2 - 10*w - 3. Let p be v(7). Suppose -3*t - t = -48. Let h = p + t. Is h a composite number?
False
Suppose -299 = -2*f + 1299. Suppose -4*k + 357 = -f. Is k prime?
False
Is (2 + -2 + -2)*(-6628)/8 a composite number?
False
Let z(r) = -90*r + 1. Suppose 3*s + 5*k - 22 = 0, 5*s + 4*k + 10 = 5*k. Is z(s) composite?
True
Let i be (-52)/(-8) - 1/2. Suppose 4*q - k - i = k, -2*q = -4*k + 12. Suppose 0 = -3*r - q + 22. Is r prime?
False
Let a(t) = t**3 + 5*t**2 + 10*t + 2. Let q(p) = -2*p**3 - 10*p**2 - 19*p - 5. Let f(h) = 7*a(h) + 4*q(h). Is f(-4) composite?
False
Let f = 3 - 3. Suppose -o - 2 = -f. Is ((-7)/(-2))/(o/(-4)) composite?
False
Let c = -11 - -15. Suppose -4*u + c = -2*u. Suppose -4*d + 34 = u*b - 0*b, d + 30 = 5*b. Is b compos